{"id":13,"date":"2024-08-17T19:30:43","date_gmt":"2024-08-17T19:30:43","guid":{"rendered":"https:\/\/lacoopeactiva.com.ar\/?page_id=13"},"modified":"2024-09-09T18:35:41","modified_gmt":"2024-09-09T18:35:41","slug":"necochea","status":"publish","type":"page","link":"https:\/\/lacoopeactiva.com.ar\/index.php\/necochea\/","title":{"rendered":"Necochea"},"content":{"rendered":"\t\t<div data-elementor-type=\"wp-page\" data-elementor-id=\"13\" class=\"elementor elementor-13\" data-elementor-post-type=\"page\">\n\t\t\t\t<div class=\"elementor-element elementor-element-f545d3d e-con-full e-flex e-con e-parent\" data-id=\"f545d3d\" data-element_type=\"container\">\n\t\t\t\t<div class=\"elementor-element elementor-element-2aca9a8 elementor-widget__width-initial elementor-widget-tablet__width-initial elementor-widget-mobile__width-initial elementor-widget elementor-widget-heading\" data-id=\"2aca9a8\" data-element_type=\"widget\" data-widget_type=\"heading.default\">\n\t\t\t\t<div class=\"elementor-widget-container\">\n\t\t\t\t\t<h2 class=\"elementor-heading-title elementor-size-default\">LOCALES<\/h2>\t\t\t\t<\/div>\n\t\t\t\t<\/div>\n\t\t\t\t<\/div>\n\t\t<div class=\"elementor-element elementor-element-073da36 e-con-full e-flex e-con e-parent\" data-id=\"073da36\" data-element_type=\"container\">\n\t\t<div class=\"elementor-element elementor-element-4129af5 e-con-full e-flex e-con e-child\" data-id=\"4129af5\" data-element_type=\"container\">\n\t\t\t\t<div class=\"elementor-element elementor-element-2faecd0 elementor-widget__width-initial elementor-widget elementor-widget-posts\" data-id=\"2faecd0\" data-element_type=\"widget\" data-settings=\"{&quot;full_content_row_gap&quot;:{&quot;unit&quot;:&quot;px&quot;,&quot;size&quot;:100,&quot;sizes&quot;:[]}}\" data-widget_type=\"posts.full_content\">\n\t\t\t\t<div class=\"elementor-widget-container\">\n\t\t\t\t\t\t\t<div class=\"elementor-posts-container elementor-posts elementor-posts--skin-full_content elementor-grid\">\n\t\t\t\t<article class=\"elementor-post elementor-grid-item post-3402 post type-post status-publish format-standard has-post-thumbnail hentry category-locales category-necochea\">\n\t\t\t\t<div class=\"elementor-post__text\">\n\t\t\t\t<h3 class=\"elementor-post__title\">\n\t\t\t<a href=\"https:\/\/lacoopeactiva.com.ar\/index.php\/2024\/09\/07\/bienvenidxs-a-ciudad-gotica-de-quien-es-responsabilidad-el-alumbrado-publico-2\/\" >\n\t\t\t\tBIENVENIDXS A CIUDAD G\u00d3TICA. \u00bfDE QUI\u00c9N ES RESPONSABILIDAD EL ALUMBRADO P\u00daBLICO?\t\t\t<\/a>\n\t\t<\/h3>\n\t\t<div class=\"elementor-post__content\"><style>.elementor-3402 .elementor-element.elementor-element-fe395e1{--display:flex;--flex-direction:column;--container-widget-width:100%;--container-widget-height:initial;--container-widget-flex-grow:0;--container-widget-align-self:initial;--flex-wrap-mobile:wrap;}.elementor-widget-text-editor{font-family:var( --e-global-typography-text-font-family ), Sans-serif;font-weight:var( --e-global-typography-text-font-weight );color:var( --e-global-color-text );}.elementor-widget-text-editor.elementor-drop-cap-view-stacked .elementor-drop-cap{background-color:var( --e-global-color-primary );}.elementor-widget-text-editor.elementor-drop-cap-view-framed .elementor-drop-cap, .elementor-widget-text-editor.elementor-drop-cap-view-default .elementor-drop-cap{color:var( --e-global-color-primary );border-color:var( --e-global-color-primary );}.elementor-3402 .elementor-element.elementor-element-f08ba90{font-family:\"Myriad PRO\", Sans-serif;font-size:22px;font-weight:500;color:#000000;}.elementor-3402 .elementor-element.elementor-element-e1ec258{--display:flex;}.elementor-widget-image .widget-image-caption{color:var( --e-global-color-text );font-family:var( --e-global-typography-text-font-family ), Sans-serif;font-weight:var( --e-global-typography-text-font-weight );}.elementor-3402 .elementor-element.elementor-element-d6d2b5f{--display:flex;}.elementor-3402 .elementor-element.elementor-element-118a143{font-family:\"Myriad PRO\", Sans-serif;font-size:22px;font-weight:500;color:#000000;}.elementor-3402 .elementor-element.elementor-element-afefeff{--display:flex;}.elementor-widget-heading .elementor-heading-title{font-family:var( --e-global-typography-primary-font-family ), Sans-serif;font-weight:var( --e-global-typography-primary-font-weight );color:var( --e-global-color-primary );}.elementor-3402 .elementor-element.elementor-element-07bef0e .elementor-heading-title{font-family:\"Codec PRO Bolt\", Sans-serif;font-size:26px;font-weight:600;color:#000000;}.elementor-3402 .elementor-element.elementor-element-7b60923{--display:flex;}.elementor-3402 .elementor-element.elementor-element-eee30d7{font-family:\"Myriad PRO\", Sans-serif;font-size:22px;font-weight:500;color:#000000;}.elementor-3402 .elementor-element.elementor-element-a5fb6e3{--display:flex;}.elementor-3402 .elementor-element.elementor-element-c41b64b .elementor-heading-title{font-family:\"Codec PRO Bolt\", Sans-serif;font-size:26px;font-weight:600;color:#000000;}.elementor-3402 .elementor-element.elementor-element-b2dff29{--display:flex;}.elementor-3402 .elementor-element.elementor-element-28c8bee{font-family:\"Myriad PRO\", Sans-serif;font-size:22px;font-weight:500;color:#000000;}\/* Start Custom Fonts CSS *\/@font-face {\n\tfont-family: 'Myriad PRO';\n\tfont-style: normal;\n\tfont-weight: normal;\n\tfont-display: auto;\n\tsrc: url('Myriad') format('truetype');\n}\n\/* End Custom Fonts CSS *\/<\/style>\t\t<div data-elementor-type=\"wp-post\" data-elementor-id=\"3402\" class=\"elementor elementor-3402\" data-elementor-post-type=\"post\">\n\t\t\t\t<div class=\"elementor-element elementor-element-fe395e1 e-con-full e-flex e-con e-parent\" data-id=\"fe395e1\" data-element_type=\"container\">\n\t\t\t\t<div class=\"elementor-element elementor-element-f08ba90 elementor-widget elementor-widget-text-editor\" data-id=\"f08ba90\" data-element_type=\"widget\" data-widget_type=\"text-editor.default\">\n\t\t\t\t<div class=\"elementor-widget-container\">\n\t\t\t\t\t\t\t\t\t<p>Desde hace meses la ciudad se va quedando a oscuras progresivamente, al no realizarse el remplazo de luminarias en la v\u00eda p\u00fablica. El pase de pelota entre Usina y Municipio no cesa y la soluci\u00f3n parece estar lejos de llegar.<\/p>\t\t\t\t\t\t\t\t<\/div>\n\t\t\t\t<\/div>\n\t\t\t\t<\/div>\n\t\t<div class=\"elementor-element elementor-element-e1ec258 e-con-full e-flex e-con e-parent\" data-id=\"e1ec258\" data-element_type=\"container\">\n\t\t\t\t<div class=\"elementor-element elementor-element-fb4db12 elementor-widget elementor-widget-image\" data-id=\"fb4db12\" data-element_type=\"widget\" data-widget_type=\"image.default\">\n\t\t\t\t<div class=\"elementor-widget-container\">\n\t\t\t\t\t\t\t\t\t\t\t\t\t\t\t<img fetchpriority=\"high\" fetchpriority=\"high\" decoding=\"async\" width=\"722\" height=\"399\" src=\"https:\/\/lacoopeactiva.com.ar\/wp-content\/uploads\/2024\/09\/NOTA-Luminarias.jpg\" class=\"attachment-large size-large wp-image-3403\" alt=\"\" srcset=\"https:\/\/lacoopeactiva.com.ar\/wp-content\/uploads\/2024\/09\/NOTA-Luminarias.jpg 722w, https:\/\/lacoopeactiva.com.ar\/wp-content\/uploads\/2024\/09\/NOTA-Luminarias-300x166.jpg 300w\" sizes=\"(max-width: 722px) 100vw, 722px\" \/>\t\t\t\t\t\t\t\t\t\t\t\t\t\t\t<\/div>\n\t\t\t\t<\/div>\n\t\t\t\t<\/div>\n\t\t<div class=\"elementor-element elementor-element-d6d2b5f e-con-full e-flex e-con e-parent\" data-id=\"d6d2b5f\" data-element_type=\"container\">\n\t\t\t\t<div class=\"elementor-element elementor-element-118a143 elementor-widget elementor-widget-text-editor\" data-id=\"118a143\" data-element_type=\"widget\" data-widget_type=\"text-editor.default\">\n\t\t\t\t<div class=\"elementor-widget-container\">\n\t\t\t\t\t\t\t\t\t<p>A principios de mayo de este a\u00f1o La Usina Popular Cooperativa de Necochea y Quequ\u00e9n emiti\u00f3 un comunicado anunciando el vencimiento del per\u00edodo de colaboraci\u00f3n gratuita en el sistema de alumbrado p\u00fablico municipal.<br \/>Desde ese momento hasta hoy, la UPC no ha recibido reclamos ni solicitudes de obra vinculadas al alumbrado p\u00fablico. Es decir, desde hace cuatro meses la ciudad se est\u00e1 apagando porque no hay obras de mantenimiento ni recambio en las calles.<\/p>\t\t\t\t\t\t\t\t<\/div>\n\t\t\t\t<\/div>\n\t\t\t\t<\/div>\n\t\t<div class=\"elementor-element elementor-element-afefeff e-con-full e-flex e-con e-parent\" data-id=\"afefeff\" data-element_type=\"container\">\n\t\t\t\t<div class=\"elementor-element elementor-element-07bef0e elementor-widget elementor-widget-heading\" data-id=\"07bef0e\" data-element_type=\"widget\" data-widget_type=\"heading.default\">\n\t\t\t\t<div class=\"elementor-widget-container\">\n\t\t\t\t\t<h2 class=\"elementor-heading-title elementor-size-default\">\u00bfC\u00d3MO LLEGAMOS A ESTE PUNTO?<\/h2>\t\t\t\t<\/div>\n\t\t\t\t<\/div>\n\t\t\t\t<\/div>\n\t\t<div class=\"elementor-element elementor-element-7b60923 e-con-full e-flex e-con e-parent\" data-id=\"7b60923\" data-element_type=\"container\">\n\t\t\t\t<div class=\"elementor-element elementor-element-eee30d7 elementor-widget elementor-widget-text-editor\" data-id=\"eee30d7\" data-element_type=\"widget\" data-widget_type=\"text-editor.default\">\n\t\t\t\t<div class=\"elementor-widget-container\">\n\t\t\t\t\t\t\t\t\t<p>La disputa entre el Municipio y la Usina Popular Cooperativa es popular, estas instituciones locales no son las mejores amigas.<br \/>El primer punto de conflicto es el reconocimiento de deuda: la Municipalidad sostiene que debe 175 millones de consumo corriente de energ\u00eda mientras que la UPC plantea que se trata de 252 millones de pesos. Seg\u00fan declaraciones de la Secretar\u00eda de Legal y T\u00e9cnica al medio local NdeN, esa diferencia radica en que existen compensaciones que la Usina no tiene en cuenta. Es decir, desde la UPC se recaudan diversas tasas como la de alumbrado p\u00fablico o la tasa de patrulla que sirve para financiar al CAAN, organizaci\u00f3n que debido a este conflicto no recibe el financiamiento desde hace meses.<br \/>El segundo punto de debate es el plazo del convenio para el mantenimiento del alumbrado p\u00fablico de manera gratuita. Mientras que la Municipalidad solicit\u00f3 60 meses, la Usina negocia reducirlo a 48. Adem\u00e1s, se niega a atender los pozos de agua (condici\u00f3n que exige la intendencia) porque son injerencia del municipio.<\/p>\t\t\t\t\t\t\t\t<\/div>\n\t\t\t\t<\/div>\n\t\t\t\t<\/div>\n\t\t<div class=\"elementor-element elementor-element-a5fb6e3 e-con-full e-flex e-con e-parent\" data-id=\"a5fb6e3\" data-element_type=\"container\">\n\t\t\t\t<div class=\"elementor-element elementor-element-c41b64b elementor-widget elementor-widget-heading\" data-id=\"c41b64b\" data-element_type=\"widget\" data-widget_type=\"heading.default\">\n\t\t\t\t<div class=\"elementor-widget-container\">\n\t\t\t\t\t<h2 class=\"elementor-heading-title elementor-size-default\">UNA TENSI\u00d3N QUE SE DIRIME EN EL CONCEJO<\/h2>\t\t\t\t<\/div>\n\t\t\t\t<\/div>\n\t\t\t\t<\/div>\n\t\t<div class=\"elementor-element elementor-element-b2dff29 e-con-full e-flex e-con e-parent\" data-id=\"b2dff29\" data-element_type=\"container\">\n\t\t\t\t<div class=\"elementor-element elementor-element-28c8bee elementor-widget elementor-widget-text-editor\" data-id=\"28c8bee\" data-element_type=\"widget\" data-widget_type=\"text-editor.default\">\n\t\t\t\t<div class=\"elementor-widget-container\">\n\t\t\t\t\t\t\t\t\t<p>Por lo pronto, desde mediados del mes de agosto, el Municipio inici\u00f3 el recambio de luminarias led de las avenidas principales de la ciudad, con personal municipal. Mientras tanto, en el Concejo Deliberante comenzaron las negociaciones.<br \/>Las idas y vueltas se dan por el proyecto de ordenanza enviado por el Poder Ejecutivo para prorrogar por 30 a\u00f1os la concesi\u00f3n del servicio el\u00e9ctrico con la Usina Popular Cooperativa.<br \/>Desde la comisi\u00f3n especial del HCD para el tratado del convenio entre ambas instituciones, suman algunas preguntas, como \u00bfcu\u00e1l es el plan de inversiones futuras?<br \/>Parece que la soluci\u00f3n a este conflicto de poder institucional que ha convertido a nuestra comunidad en Ciudad G\u00f3tica se acerca. Sin embargo, nos preguntamos \u00bfEn cu\u00e1nto tiempo se ver\u00e1 manifiesto este posible acuerdo en la ciudad? \u00bfQu\u00e9 podemos hacer como ciudadan\u00eda para que las disputas de poder no nos arrastren?<\/p>\t\t\t\t\t\t\t\t<\/div>\n\t\t\t\t<\/div>\n\t\t\t\t<\/div>\n\t\t\t\t<\/div>\n\t\t<\/div>\t\t<\/div>\n\t\t\t\t<\/article>\n\t\t\t\t<\/div>\n\t\t\n\t\t\t\t\t\t<\/div>\n\t\t\t\t<\/div>\n\t\t<div class=\"elementor-element elementor-element-8fc589b e-con-full e-flex e-con e-child\" data-id=\"8fc589b\" data-element_type=\"container\">\n\t\t\t\t<div class=\"elementor-element elementor-element-302883f elementor-widget elementor-widget-posts\" data-id=\"302883f\" data-element_type=\"widget\" data-settings=\"{&quot;full_content_row_gap&quot;:{&quot;unit&quot;:&quot;px&quot;,&quot;size&quot;:30,&quot;sizes&quot;:[]}}\" data-widget_type=\"posts.full_content\">\n\t\t\t\t<div class=\"elementor-widget-container\">\n\t\t\t\t\t\t\t<div class=\"elementor-posts-container elementor-posts elementor-posts--skin-full_content elementor-grid\">\n\t\t\t\t<article class=\"elementor-post elementor-grid-item post-2072 obras type-obras status-publish hentry category-publiporta\">\n\t\t\t\t<div class=\"elementor-post__text\">\n\t\t<p><a href=\"https:\/\/www.bancocredicoop.coop\/\" target=\"_blank\" rel=\"noopener\"><img decoding=\"async\" class=\"alignnone wp-image-4227 size-full\" src=\"https:\/\/lacoopeactiva.com.ar\/wp-content\/uploads\/2024\/08\/Web-La-coope-activa-1140x120px-MOVETE-MANOS-Dic-2025-1.gif\" alt=\"\" width=\"1130\" height=\"119\" \/><\/a><\/p>\n\t\t<\/div>\n\t\t\t\t<\/article>\n\t\t\t\t<\/div>\n\t\t\n\t\t\t\t\t\t<\/div>\n\t\t\t\t<\/div>\n\t\t\t\t<\/div>\n\t\t\t\t<\/div>\n\t\t<div class=\"elementor-element elementor-element-3d35f6f e-con-full e-flex e-con e-child\" data-id=\"3d35f6f\" data-element_type=\"container\">\n\t\t<div class=\"elementor-element elementor-element-079e5af e-con-full e-flex e-con e-child\" data-id=\"079e5af\" data-element_type=\"container\">\n\t\t\t\t<div class=\"elementor-element elementor-element-0979a3f elementor-widget elementor-widget-heading\" data-id=\"0979a3f\" data-element_type=\"widget\" data-widget_type=\"heading.default\">\n\t\t\t\t<div class=\"elementor-widget-container\">\n\t\t\t\t\t<h2 class=\"elementor-heading-title elementor-size-default\">TE PUEDE INTERESAR:<\/h2>\t\t\t\t<\/div>\n\t\t\t\t<\/div>\n\t\t\t\t<\/div>\n\t\t<div class=\"elementor-element elementor-element-42c9809 e-con-full e-flex e-con e-child\" data-id=\"42c9809\" data-element_type=\"container\">\n\t\t\t\t<div class=\"elementor-element elementor-element-1290953 elementor-grid-1 elementor-grid-tablet-1 elementor-grid-mobile-1 elementor-posts--thumbnail-top elementor-posts__hover-gradient elementor-widget elementor-widget-posts\" data-id=\"1290953\" data-element_type=\"widget\" data-settings=\"{&quot;cards_columns&quot;:&quot;1&quot;,&quot;cards_columns_tablet&quot;:&quot;1&quot;,&quot;cards_columns_mobile&quot;:&quot;1&quot;,&quot;cards_row_gap&quot;:{&quot;unit&quot;:&quot;px&quot;,&quot;size&quot;:35,&quot;sizes&quot;:[]},&quot;cards_row_gap_tablet&quot;:{&quot;unit&quot;:&quot;px&quot;,&quot;size&quot;:&quot;&quot;,&quot;sizes&quot;:[]},&quot;cards_row_gap_mobile&quot;:{&quot;unit&quot;:&quot;px&quot;,&quot;size&quot;:&quot;&quot;,&quot;sizes&quot;:[]}}\" data-widget_type=\"posts.cards\">\n\t\t\t\t<div class=\"elementor-widget-container\">\n\t\t\t\t\t\t\t<div class=\"elementor-posts-container elementor-posts elementor-posts--skin-cards elementor-grid\">\n\t\t\t\t<article class=\"elementor-post elementor-grid-item post-4136 post type-post status-publish format-standard has-post-thumbnail hentry category-nacionales\">\n\t\t\t<div class=\"elementor-post__card\">\n\t\t\t\t<a class=\"elementor-post__thumbnail__link\" href=\"https:\/\/lacoopeactiva.com.ar\/index.php\/2024\/09\/20\/la-pandemia-de-las-industrias-derrumbe-historico-de-un-sector-clave\/\" tabindex=\"-1\" ><div class=\"elementor-post__thumbnail\"><img decoding=\"async\" width=\"1300\" height=\"731\" src=\"https:\/\/lacoopeactiva.com.ar\/wp-content\/uploads\/2024\/09\/NOTA-Industria.jpg\" class=\"attachment-full size-full wp-image-4137\" alt=\"\" srcset=\"https:\/\/lacoopeactiva.com.ar\/wp-content\/uploads\/2024\/09\/NOTA-Industria.jpg 1300w, https:\/\/lacoopeactiva.com.ar\/wp-content\/uploads\/2024\/09\/NOTA-Industria-300x169.jpg 300w, https:\/\/lacoopeactiva.com.ar\/wp-content\/uploads\/2024\/09\/NOTA-Industria-1024x576.jpg 1024w, https:\/\/lacoopeactiva.com.ar\/wp-content\/uploads\/2024\/09\/NOTA-Industria-768x432.jpg 768w\" sizes=\"(max-width: 1300px) 100vw, 1300px\" \/><\/div><\/a>\n\t\t\t\t<div class=\"elementor-post__badge\">NACIONALES<\/div>\n\t\t\t\t<div class=\"elementor-post__text\">\n\t\t\t\t<h3 class=\"elementor-post__title\">\n\t\t\t<a href=\"https:\/\/lacoopeactiva.com.ar\/index.php\/2024\/09\/20\/la-pandemia-de-las-industrias-derrumbe-historico-de-un-sector-clave\/\" >\n\t\t\t\tLA PANDEMIA DE LAS INDUSTRIAS. DERRUMBE HIST\u00d3RICO DE UN SECTOR CLAVE\t\t\t<\/a>\n\t\t<\/h3>\n\t\t\t\t<\/div>\n\t\t\t\t\t<\/div>\n\t\t<\/article>\n\t\t\t\t<\/div>\n\t\t\n\t\t\t\t\t\t<\/div>\n\t\t\t\t<\/div>\n\t\t\t\t<\/div>\n\t\t<div class=\"elementor-element elementor-element-d135cbd e-con-full e-flex e-con e-child\" data-id=\"d135cbd\" data-element_type=\"container\">\n\t\t\t\t<div class=\"elementor-element elementor-element-4ba35cf elementor-grid-1 elementor-grid-tablet-1 elementor-grid-mobile-1 elementor-posts--thumbnail-top elementor-posts__hover-gradient elementor-widget elementor-widget-posts\" data-id=\"4ba35cf\" data-element_type=\"widget\" data-settings=\"{&quot;cards_columns&quot;:&quot;1&quot;,&quot;cards_columns_tablet&quot;:&quot;1&quot;,&quot;cards_columns_mobile&quot;:&quot;1&quot;,&quot;cards_row_gap&quot;:{&quot;unit&quot;:&quot;px&quot;,&quot;size&quot;:35,&quot;sizes&quot;:[]},&quot;cards_row_gap_tablet&quot;:{&quot;unit&quot;:&quot;px&quot;,&quot;size&quot;:&quot;&quot;,&quot;sizes&quot;:[]},&quot;cards_row_gap_mobile&quot;:{&quot;unit&quot;:&quot;px&quot;,&quot;size&quot;:&quot;&quot;,&quot;sizes&quot;:[]}}\" data-widget_type=\"posts.cards\">\n\t\t\t\t<div class=\"elementor-widget-container\">\n\t\t\t\t\t\t\t<div class=\"elementor-posts-container elementor-posts elementor-posts--skin-cards elementor-grid\">\n\t\t\t\t<article class=\"elementor-post elementor-grid-item post-207 post type-post status-publish format-image has-post-thumbnail hentry category-locales tag-locales post_format-post-format-image\">\n\t\t\t<div class=\"elementor-post__card\">\n\t\t\t\t<a class=\"elementor-post__thumbnail__link\" href=\"https:\/\/lacoopeactiva.com.ar\/index.php\/2024\/08\/21\/avicola-jurjen-algo-huelemal-en-nuestra-ciudad\/\" tabindex=\"-1\" ><div class=\"elementor-post__thumbnail\"><img loading=\"lazy\" decoding=\"async\" width=\"668\" height=\"386\" src=\"https:\/\/lacoopeactiva.com.ar\/wp-content\/uploads\/2024\/08\/fotopubliportada.png\" class=\"attachment-full size-full wp-image-353\" alt=\"\" srcset=\"https:\/\/lacoopeactiva.com.ar\/wp-content\/uploads\/2024\/08\/fotopubliportada.png 668w, https:\/\/lacoopeactiva.com.ar\/wp-content\/uploads\/2024\/08\/fotopubliportada-300x173.png 300w\" sizes=\"(max-width: 668px) 100vw, 668px\" \/><\/div><\/a>\n\t\t\t\t<div class=\"elementor-post__badge\">LOCALES<\/div>\n\t\t\t\t<div class=\"elementor-post__text\">\n\t\t\t\t<h3 class=\"elementor-post__title\">\n\t\t\t<a href=\"https:\/\/lacoopeactiva.com.ar\/index.php\/2024\/08\/21\/avicola-jurjen-algo-huelemal-en-nuestra-ciudad\/\" >\n\t\t\t\tAVICOLA JURJEN, ALGO HUELEMAL EN NUESTRA CIUDAD\t\t\t<\/a>\n\t\t<\/h3>\n\t\t\t\t<\/div>\n\t\t\t\t\t<\/div>\n\t\t<\/article>\n\t\t\t\t<\/div>\n\t\t\n\t\t\t\t\t\t<\/div>\n\t\t\t\t<\/div>\n\t\t\t\t<\/div>\n\t\t<div class=\"elementor-element elementor-element-c037648 e-con-full e-flex e-con e-child\" data-id=\"c037648\" data-element_type=\"container\">\n\t\t\t\t<div class=\"elementor-element elementor-element-822e632 elementor-grid-1 elementor-grid-tablet-1 elementor-grid-mobile-1 elementor-posts--thumbnail-top elementor-posts__hover-gradient elementor-widget elementor-widget-posts\" data-id=\"822e632\" data-element_type=\"widget\" data-settings=\"{&quot;cards_columns&quot;:&quot;1&quot;,&quot;cards_columns_tablet&quot;:&quot;1&quot;,&quot;cards_columns_mobile&quot;:&quot;1&quot;,&quot;cards_row_gap&quot;:{&quot;unit&quot;:&quot;px&quot;,&quot;size&quot;:35,&quot;sizes&quot;:[]},&quot;cards_row_gap_tablet&quot;:{&quot;unit&quot;:&quot;px&quot;,&quot;size&quot;:&quot;&quot;,&quot;sizes&quot;:[]},&quot;cards_row_gap_mobile&quot;:{&quot;unit&quot;:&quot;px&quot;,&quot;size&quot;:&quot;&quot;,&quot;sizes&quot;:[]}}\" data-widget_type=\"posts.cards\">\n\t\t\t\t<div class=\"elementor-widget-container\">\n\t\t\t\t\t\t\t<div class=\"elementor-posts-container elementor-posts elementor-posts--skin-cards elementor-grid\">\n\t\t\t\t<article class=\"elementor-post elementor-grid-item post-1638 post type-post status-publish format-standard has-post-thumbnail hentry category-internacionales tag-internacionales\">\n\t\t\t<div class=\"elementor-post__card\">\n\t\t\t\t<a class=\"elementor-post__thumbnail__link\" href=\"https:\/\/lacoopeactiva.com.ar\/index.php\/2024\/08\/23\/imane-khelif-y-la-disparidad-fisica-en-el-deporte\/\" tabindex=\"-1\" ><div class=\"elementor-post__thumbnail\"><img loading=\"lazy\" decoding=\"async\" width=\"668\" height=\"418\" src=\"https:\/\/lacoopeactiva.com.ar\/wp-content\/uploads\/2024\/08\/Sin-IMANE-KHELIF.jpg\" class=\"attachment-full size-full wp-image-1639\" alt=\"\" srcset=\"https:\/\/lacoopeactiva.com.ar\/wp-content\/uploads\/2024\/08\/Sin-IMANE-KHELIF.jpg 668w, https:\/\/lacoopeactiva.com.ar\/wp-content\/uploads\/2024\/08\/Sin-IMANE-KHELIF-300x188.jpg 300w\" sizes=\"(max-width: 668px) 100vw, 668px\" \/><\/div><\/a>\n\t\t\t\t<div class=\"elementor-post__badge\">INTERNACIONALES<\/div>\n\t\t\t\t<div class=\"elementor-post__text\">\n\t\t\t\t<h3 class=\"elementor-post__title\">\n\t\t\t<a href=\"https:\/\/lacoopeactiva.com.ar\/index.php\/2024\/08\/23\/imane-khelif-y-la-disparidad-fisica-en-el-deporte\/\" >\n\t\t\t\tIMANE KHELIF Y LA DISPARIDAD F\u00cdSICA EN EL DEPORTE\t\t\t<\/a>\n\t\t<\/h3>\n\t\t\t\t<\/div>\n\t\t\t\t\t<\/div>\n\t\t<\/article>\n\t\t\t\t<\/div>\n\t\t\n\t\t\t\t\t\t<\/div>\n\t\t\t\t<\/div>\n\t\t\t\t<\/div>\n\t\t<div class=\"elementor-element elementor-element-11ea391 e-con-full e-flex e-con e-child\" data-id=\"11ea391\" data-element_type=\"container\">\n\t\t\t\t<div class=\"elementor-element elementor-element-977334b elementor-widget elementor-widget-gallery\" data-id=\"977334b\" data-element_type=\"widget\" data-settings=\"{&quot;gallery_layout&quot;:&quot;masonry&quot;,&quot;columns&quot;:1,&quot;gap&quot;:{&quot;unit&quot;:&quot;px&quot;,&quot;size&quot;:20,&quot;sizes&quot;:[]},&quot;columns_tablet&quot;:1,&quot;columns_mobile&quot;:1,&quot;gap_tablet&quot;:{&quot;unit&quot;:&quot;px&quot;,&quot;size&quot;:10,&quot;sizes&quot;:[]},&quot;gap_mobile&quot;:{&quot;unit&quot;:&quot;px&quot;,&quot;size&quot;:10,&quot;sizes&quot;:[]},&quot;content_hover_animation&quot;:&quot;fade-in&quot;}\" data-widget_type=\"gallery.default\">\n\t\t\t\t<div class=\"elementor-widget-container\">\n\t\t\t\t\t\t\t<div class=\"elementor-gallery__container\">\n\t\t\t\t\t\t\t<div class=\"e-gallery-item elementor-gallery-item elementor-animated-content\">\n\t\t\t\t\t<div class=\"e-gallery-image elementor-gallery-item__image\" data-thumbnail=\"https:\/\/lacoopeactiva.com.ar\/wp-content\/uploads\/2024\/08\/PUBLI-La-tranquera.jpg\" data-width=\"350\" data-height=\"300\" aria-label=\"\" role=\"img\" ><\/div>\n\t\t\t\t\t\t\t\t\t\t\t\t\t\t<\/div>\n\t\t\t\t\t\t\t<div class=\"e-gallery-item elementor-gallery-item elementor-animated-content\">\n\t\t\t\t\t<div class=\"e-gallery-image elementor-gallery-item__image\" data-thumbnail=\"https:\/\/lacoopeactiva.com.ar\/wp-content\/uploads\/2024\/08\/PUBLI-La-tiendita.jpg\" data-width=\"350\" data-height=\"300\" aria-label=\"\" role=\"img\" ><\/div>\n\t\t\t\t\t\t\t\t\t\t\t\t\t\t<\/div>\n\t\t\t\t\t\t\t<div class=\"e-gallery-item elementor-gallery-item elementor-animated-content\">\n\t\t\t\t\t<div class=\"e-gallery-image elementor-gallery-item__image\" data-thumbnail=\"https:\/\/lacoopeactiva.com.ar\/wp-content\/uploads\/2024\/08\/PUBLI-Fecootra.jpg\" data-width=\"350\" data-height=\"300\" aria-label=\"\" role=\"img\" ><\/div>\n\t\t\t\t\t\t\t\t\t\t\t\t\t\t<\/div>\n\t\t\t\t\t\t\t<div class=\"e-gallery-item elementor-gallery-item elementor-animated-content\">\n\t\t\t\t\t<div class=\"e-gallery-image elementor-gallery-item__image\" data-thumbnail=\"https:\/\/lacoopeactiva.com.ar\/wp-content\/uploads\/2024\/08\/PUBLI-Coomuniccar.jpg\" data-width=\"350\" data-height=\"300\" aria-label=\"\" role=\"img\" ><\/div>\n\t\t\t\t\t\t\t\t\t\t\t\t\t\t<\/div>\n\t\t\t\t\t<\/div>\n\t\t\t\t\t<\/div>\n\t\t\t\t<\/div>\n\t\t\t\t<\/div>\n\t\t\t\t<\/div>\n\t\t\t\t<\/div>\n\t\t<div class=\"elementor-element elementor-element-37ad7f9 e-flex e-con-boxed e-con e-parent\" data-id=\"37ad7f9\" data-element_type=\"container\">\n\t\t\t\t\t<div class=\"e-con-inner\">\n\t\t\t\t\t<\/div>\n\t\t\t\t<\/div>\n\t\t\t\t<\/div>\n\t\t","protected":false},"excerpt":{"rendered":"<p>LOCALES TE PUEDE INTERESAR:<\/p>\n","protected":false},"author":2,"featured_media":1458,"parent":0,"menu_order":0,"comment_status":"closed","ping_status":"closed","template":"elementor_header_footer","meta":{"_acf_changed":false,"_kad_post_transparent":"","_kad_post_title":"","_kad_post_layout":"","_kad_post_sidebar_id":"","_kad_post_content_style":"","_kad_post_vertical_padding":"","_kad_post_feature":"","_kad_post_feature_position":"","_kad_post_header":false,"_kad_post_footer":false,"footnotes":""},"class_list":["post-13","page","type-page","status-publish","has-post-thumbnail","hentry"],"acf":[],"_links":{"self":[{"href":"https:\/\/lacoopeactiva.com.ar\/index.php\/wp-json\/wp\/v2\/pages\/13","targetHints":{"allow":["GET"]}}],"collection":[{"href":"https:\/\/lacoopeactiva.com.ar\/index.php\/wp-json\/wp\/v2\/pages"}],"about":[{"href":"https:\/\/lacoopeactiva.com.ar\/index.php\/wp-json\/wp\/v2\/types\/page"}],"author":[{"embeddable":true,"href":"https:\/\/lacoopeactiva.com.ar\/index.php\/wp-json\/wp\/v2\/users\/2"}],"replies":[{"embeddable":true,"href":"https:\/\/lacoopeactiva.com.ar\/index.php\/wp-json\/wp\/v2\/comments?post=13"}],"version-history":[{"count":314,"href":"https:\/\/lacoopeactiva.com.ar\/index.php\/wp-json\/wp\/v2\/pages\/13\/revisions"}],"predecessor-version":[{"id":3760,"href":"https:\/\/lacoopeactiva.com.ar\/index.php\/wp-json\/wp\/v2\/pages\/13\/revisions\/3760"}],"wp:featuredmedia":[{"embeddable":true,"href":"https:\/\/lacoopeactiva.com.ar\/index.php\/wp-json\/wp\/v2\/media\/1458"}],"wp:attachment":[{"href":"https:\/\/lacoopeactiva.com.ar\/index.php\/wp-json\/wp\/v2\/media?parent=13"}],"curies":[{"name":"wp","href":"https:\/\/api.w.org\/{rel}","templated":true}]}}