{"id":15,"date":"2024-08-17T19:31:05","date_gmt":"2024-08-17T19:31:05","guid":{"rendered":"https:\/\/lacoopeactiva.com.ar\/?page_id=15"},"modified":"2024-09-20T15:36:32","modified_gmt":"2024-09-20T15:36:32","slug":"argentina","status":"publish","type":"page","link":"https:\/\/lacoopeactiva.com.ar\/index.php\/argentina\/","title":{"rendered":"Argentina"},"content":{"rendered":"\t\t<div data-elementor-type=\"wp-page\" data-elementor-id=\"15\" class=\"elementor elementor-15\" data-elementor-post-type=\"page\">\n\t\t\t\t<div class=\"elementor-element elementor-element-3706035 e-con-full e-flex e-con e-parent\" data-id=\"3706035\" data-element_type=\"container\">\n\t\t\t\t<div class=\"elementor-element elementor-element-76ff2af elementor-widget elementor-widget-template\" data-id=\"76ff2af\" data-element_type=\"widget\" data-widget_type=\"template.default\">\n\t\t\t\t<div class=\"elementor-widget-container\">\n\t\t\t\t\t\t\t<div class=\"elementor-template\">\n\t\t\t\t\t<div data-elementor-type=\"archive\" data-elementor-id=\"1582\" class=\"elementor elementor-1582\" data-elementor-post-type=\"elementor_library\">\n\t\t\t<div class=\"elementor-element elementor-element-c0e0aec e-con-full e-flex e-con e-parent\" data-id=\"c0e0aec\" data-element_type=\"container\">\n\t\t<div class=\"elementor-element elementor-element-0d626e2 e-con-full e-flex e-con e-child\" data-id=\"0d626e2\" data-element_type=\"container\">\n\t\t<div class=\"elementor-element elementor-element-40927e1 e-con-full e-flex e-con e-child\" data-id=\"40927e1\" data-element_type=\"container\">\n\t\t\t\t<div class=\"elementor-element elementor-element-5cd6fe2 elementor-widget elementor-widget-heading\" data-id=\"5cd6fe2\" data-element_type=\"widget\" data-widget_type=\"heading.default\">\n\t\t\t\t<div class=\"elementor-widget-container\">\n\t\t\t\t\t<h2 class=\"elementor-heading-title elementor-size-default\">LA PANDEMIA DE LAS INDUSTRIAS. DERRUMBE HIST\u00d3RICO DE UN SECTOR CLAVE<\/h2>\t\t\t\t<\/div>\n\t\t\t\t<\/div>\n\t\t\t\t<\/div>\n\t\t<div class=\"elementor-element elementor-element-0d03d4a e-con-full e-flex e-con e-child\" data-id=\"0d03d4a\" data-element_type=\"container\">\n\t\t<div class=\"elementor-element elementor-element-c125012 e-con-full e-flex e-con e-child\" data-id=\"c125012\" data-element_type=\"container\">\n\t\t\t\t<div class=\"elementor-element elementor-element-26c7418 elementor-widget elementor-widget-text-editor\" data-id=\"26c7418\" data-element_type=\"widget\" data-widget_type=\"text-editor.default\">\n\t\t\t\t<div class=\"elementor-widget-container\">\n\t\t\t\t\t\t\t\t\t<p>Esta semana se conmemor\u00f3 el D\u00eda de la Industria, con no mucho para festejar. Los motivos son sencillos, una ca\u00edda hacia un contexto similar al de la pandemia, pero sin ning\u00fan virus letal acechando a la humanidad.<\/p>\t\t\t\t\t\t\t\t<\/div>\n\t\t\t\t<\/div>\n\t\t\t\t<\/div>\n\t\t\t\t<div class=\"elementor-element elementor-element-c97e281 elementor-widget elementor-widget-image\" data-id=\"c97e281\" data-element_type=\"widget\" data-widget_type=\"image.default\">\n\t\t\t\t<div class=\"elementor-widget-container\">\n\t\t\t\t\t\t\t\t\t\t\t\t\t\t\t<img fetchpriority=\"high\" decoding=\"async\" width=\"768\" height=\"432\" src=\"https:\/\/lacoopeactiva.com.ar\/wp-content\/uploads\/2024\/09\/NOTA-Industria-768x432.jpg\" class=\"attachment-medium_large size-medium_large wp-image-4137\" alt=\"\" srcset=\"https:\/\/lacoopeactiva.com.ar\/wp-content\/uploads\/2024\/09\/NOTA-Industria-768x432.jpg 768w, https:\/\/lacoopeactiva.com.ar\/wp-content\/uploads\/2024\/09\/NOTA-Industria-300x169.jpg 300w, https:\/\/lacoopeactiva.com.ar\/wp-content\/uploads\/2024\/09\/NOTA-Industria-1024x576.jpg 1024w, https:\/\/lacoopeactiva.com.ar\/wp-content\/uploads\/2024\/09\/NOTA-Industria.jpg 1300w\" sizes=\"(max-width: 768px) 100vw, 768px\" \/>\t\t\t\t\t\t\t\t\t\t\t\t\t\t\t<\/div>\n\t\t\t\t<\/div>\n\t\t\t\t<\/div>\n\t\t<div class=\"elementor-element elementor-element-b94e77e e-con-full e-flex e-con e-child\" data-id=\"b94e77e\" data-element_type=\"container\">\n\t\t\t\t<div class=\"elementor-element elementor-element-b78b8af elementor-widget elementor-widget-text-editor\" data-id=\"b78b8af\" data-element_type=\"widget\" data-widget_type=\"text-editor.default\">\n\t\t\t\t<div class=\"elementor-widget-container\">\n\t\t\t\t\t\t\t\t\t<p>Este \u00faltimo lunes, en acto por el d\u00eda de la Industria, el presidente Javier Milei se defini\u00f3 como un \u00abaliado\u00bb del sector privado y prometi\u00f3 a lxs presentes un \u00abboom industrial genuino\u00bb. Sin embargo, la acumulaci\u00f3n de datos desalentadores sugiere un panorama sombr\u00edo.<br \/>La industria manufacturera argentina representa una quinta parte del empleo registrado privado del pa\u00eds, ofreciendo salarios que superan en un 15% la media del empleo registrado y manteniendo est\u00e1ndares de formalidad m\u00e1s altos que otras ramas de la econom\u00eda. A\u00fan as\u00ed, este sector es apuntado casi como casta por Milei.<br \/>\u00abPara proteger a la industria se le rob\u00f3 el campo, y esa protecci\u00f3n lo \u00fanico que gener\u00f3 es un sector industrial adicto al Estado\u00bb, se atrevi\u00f3 a disparar el presidente en el acto de lxs industriales.<br \/>El deterioro se evidencia tambi\u00e9n por una ca\u00edda interanual del 20,4% en junio de 2024, la peor del a\u00f1o seg\u00fan el Estimador Mensual de la Actividad Econ\u00f3mica (EMAE). Adem\u00e1s, la Utilizaci\u00f3n de la Capacidad Instalada se redujo al 54,5%, niveles comparables a los de junio de 2020, durante la pandemia.<br \/>Por otra parte, entre noviembre de 2023 y mayo de 2024, se perdieron 28.554 puestos de trabajo registrados en unidades productivas industriales (- 2,35%). Si se proyecta al mes de junio, el n\u00famero asciende a 33.983 puestos de trabajo industriales menos.<br \/>En junio, la Superintendencia de Riesgos del Trabaj\u00f3 public\u00f3 un dato duro: Desde que Milei conduce el pa\u00eds cerraron 3559 empresas, el 99% de ellas eran PyMEs. Pero tambi\u00e9n cayeron nombres pesados. Empresas como Talleres Belgrano, Textilcom, Canale, El Miguelito, Imperial Cord,y MAR Maquinarias han cerrado sus plantas, exponiendo la falta de medidas efectivas para proteger y revitalizar la industria nacional.<\/p>\t\t\t\t\t\t\t\t<\/div>\n\t\t\t\t<\/div>\n\t\t<div class=\"elementor-element elementor-element-9f3ed7f e-con-full e-flex e-con e-child\" data-id=\"9f3ed7f\" data-element_type=\"container\">\n\t\t\t\t<div class=\"elementor-element elementor-element-4066f0d elementor-widget elementor-widget-heading\" data-id=\"4066f0d\" data-element_type=\"widget\" data-widget_type=\"heading.default\">\n\t\t\t\t<div class=\"elementor-widget-container\">\n\t\t\t\t\t<h2 class=\"elementor-heading-title elementor-size-default\">\u00bfCu\u00e1les son las medidas de sesgo anti industrial en las pol\u00edticas p\u00fablicas del gobierno de Milei?<\/h2>\t\t\t\t<\/div>\n\t\t\t\t<\/div>\n\t\t\t\t<\/div>\n\t\t<div class=\"elementor-element elementor-element-b5d97d8 e-con-full e-flex e-con e-child\" data-id=\"b5d97d8\" data-element_type=\"container\">\n\t\t\t\t<div class=\"elementor-element elementor-element-f24f581 elementor-widget elementor-widget-text-editor\" data-id=\"f24f581\" data-element_type=\"widget\" data-widget_type=\"text-editor.default\">\n\t\t\t\t<div class=\"elementor-widget-container\">\n\t\t\t\t\t\t\t\t\t<p>\u2022 Aumento de tarifas de luz y gas con impacto en talleres y peque\u00f1as industrias.<br \/>\u2022 Suba de costos en la industria a trav\u00e9s del Impuesto PAIS, en toda la gesti\u00f3n<br \/>Milei hasta septiembre.<br \/>\u2022 Derogaci\u00f3n Ley de Compre Nacional (DNU 70\/2023).<br \/>\u2022 Eliminaci\u00f3n o baja de aranceles de importaci\u00f3n.<br \/>\u2022 Eliminaci\u00f3n de toda pol\u00edtica de cr\u00e9ditos productivos para la inversi\u00f3n en pymes,<br \/>\u2022 la apuesta de Milei, a trav\u00e9s del (RIGI) para promover enclaves extractivistas, reprimarizando la econom\u00eda argentina y dejando en un segundo plano a la industria nacional.<\/p>\t\t\t\t\t\t\t\t<\/div>\n\t\t\t\t<\/div>\n\t\t<div class=\"elementor-element elementor-element-6da2671 e-con-full e-flex e-con e-child\" data-id=\"6da2671\" data-element_type=\"container\">\n\t\t\t\t<div class=\"elementor-element elementor-element-f4a9115 elementor-widget elementor-widget-heading\" data-id=\"f4a9115\" data-element_type=\"widget\" data-widget_type=\"heading.default\">\n\t\t\t\t<div class=\"elementor-widget-container\">\n\t\t\t\t\t<h2 class=\"elementor-heading-title elementor-size-default\">\u00bfY el ajuste es para todxs por igual?<\/h2>\t\t\t\t<\/div>\n\t\t\t\t<\/div>\n\t\t\t\t<\/div>\n\t\t\t\t<\/div>\n\t\t<div class=\"elementor-element elementor-element-34b4af7 e-con-full e-flex e-con e-child\" data-id=\"34b4af7\" data-element_type=\"container\">\n\t\t\t\t<div class=\"elementor-element elementor-element-5506e1a elementor-widget elementor-widget-text-editor\" data-id=\"5506e1a\" data-element_type=\"widget\" data-widget_type=\"text-editor.default\">\n\t\t\t\t<div class=\"elementor-widget-container\">\n\t\t\t\t\t\t\t\t\t<p>Un informe de la UBA revel\u00f3 que El porcentaje que le demandar\u00eda al Estado la actualizaci\u00f3n del financiamiento universitario es equivalente a los beneficios que el gobierno de La Libertad Avanza (LLA) les otorga a los sectores m\u00e1s ricos, algunos de ellos inclusive beneficiados con el multimillonario blanqueo de capitales.<br \/>Algunas empresas sostienen su dependencia hacia el Estado. Este a\u00f1o se supo que Mercado Libre recibe m\u00e1s de USD 100 millones por a\u00f1o por estar inscripta en el r\u00e9gimen de promoci\u00f3n de empresas de la econom\u00eda del conocimiento. Los empresarios y trabajadores se enfrentan a una realidad diaria de cierres, despidos y falta de oportunidades. Las promesas de recuperaci\u00f3n parecen distantes y poco cre\u00edbles ante la evidencia de una econom\u00eda en ca\u00edda libre. A menos que se tomen medidas concretas y efectivas, la visi\u00f3n optimista del gobierno continuar\u00e1 chocando con una realidad que muestra una econom\u00eda en crisis.<\/p>\t\t\t\t\t\t\t\t<\/div>\n\t\t\t\t<\/div>\n\t\t\t\t<\/div>\n\t\t\t\t<\/div>\n\t\t\t\t<\/div>\n\t\t<div class=\"elementor-element elementor-element-606b355 e-con-full e-flex e-con e-child\" data-id=\"606b355\" data-element_type=\"container\">\n\t\t\t\t<div class=\"elementor-element elementor-element-27c766d elementor-widget elementor-widget-heading\" data-id=\"27c766d\" data-element_type=\"widget\" data-widget_type=\"heading.default\">\n\t\t\t\t<div class=\"elementor-widget-container\">\n\t\t\t\t\t<h2 class=\"elementor-heading-title elementor-size-default\">TE PUEDE INTERESAR:<\/h2>\t\t\t\t<\/div>\n\t\t\t\t<\/div>\n\t\t\t\t<div class=\"elementor-element elementor-element-41d07b3 elementor-grid-1 elementor-grid-tablet-2 elementor-grid-mobile-1 elementor-posts--thumbnail-top elementor-posts__hover-gradient elementor-widget elementor-widget-posts\" data-id=\"41d07b3\" data-element_type=\"widget\" data-settings=\"{&quot;cards_columns&quot;:&quot;1&quot;,&quot;cards_columns_tablet&quot;:&quot;2&quot;,&quot;cards_columns_mobile&quot;:&quot;1&quot;,&quot;cards_row_gap&quot;:{&quot;unit&quot;:&quot;px&quot;,&quot;size&quot;:35,&quot;sizes&quot;:[]},&quot;cards_row_gap_tablet&quot;:{&quot;unit&quot;:&quot;px&quot;,&quot;size&quot;:&quot;&quot;,&quot;sizes&quot;:[]},&quot;cards_row_gap_mobile&quot;:{&quot;unit&quot;:&quot;px&quot;,&quot;size&quot;:&quot;&quot;,&quot;sizes&quot;:[]}}\" data-widget_type=\"posts.cards\">\n\t\t\t\t<div class=\"elementor-widget-container\">\n\t\t\t\t\t\t\t<div class=\"elementor-posts-container elementor-posts elementor-posts--skin-cards elementor-grid\">\n\t\t\t\t<article class=\"elementor-post elementor-grid-item post-4136 post type-post status-publish format-standard has-post-thumbnail hentry category-nacionales\">\n\t\t\t<div class=\"elementor-post__card\">\n\t\t\t\t<a class=\"elementor-post__thumbnail__link\" href=\"https:\/\/lacoopeactiva.com.ar\/index.php\/2024\/09\/20\/la-pandemia-de-las-industrias-derrumbe-historico-de-un-sector-clave\/\" tabindex=\"-1\" ><div class=\"elementor-post__thumbnail\"><img decoding=\"async\" width=\"300\" height=\"169\" src=\"https:\/\/lacoopeactiva.com.ar\/wp-content\/uploads\/2024\/09\/NOTA-Industria-300x169.jpg\" class=\"attachment-medium size-medium wp-image-4137\" alt=\"\" srcset=\"https:\/\/lacoopeactiva.com.ar\/wp-content\/uploads\/2024\/09\/NOTA-Industria-300x169.jpg 300w, https:\/\/lacoopeactiva.com.ar\/wp-content\/uploads\/2024\/09\/NOTA-Industria-1024x576.jpg 1024w, https:\/\/lacoopeactiva.com.ar\/wp-content\/uploads\/2024\/09\/NOTA-Industria-768x432.jpg 768w, https:\/\/lacoopeactiva.com.ar\/wp-content\/uploads\/2024\/09\/NOTA-Industria.jpg 1300w\" sizes=\"(max-width: 300px) 100vw, 300px\" \/><\/div><\/a>\n\t\t\t\t<div class=\"elementor-post__badge\">NACIONALES<\/div>\n\t\t\t\t<div class=\"elementor-post__text\">\n\t\t\t\t<h3 class=\"elementor-post__title\">\n\t\t\t<a href=\"https:\/\/lacoopeactiva.com.ar\/index.php\/2024\/09\/20\/la-pandemia-de-las-industrias-derrumbe-historico-de-un-sector-clave\/\" >\n\t\t\t\tLA PANDEMIA DE LAS INDUSTRIAS. DERRUMBE HIST\u00d3RICO DE UN SECTOR CLAVE\t\t\t<\/a>\n\t\t<\/h3>\n\t\t\t\t<\/div>\n\t\t\t\t\t<\/div>\n\t\t<\/article>\n\t\t\t\t<\/div>\n\t\t\n\t\t\t\t\t\t<\/div>\n\t\t\t\t<\/div>\n\t\t\t\t<div class=\"elementor-element elementor-element-4de9f98 elementor-grid-1 elementor-grid-tablet-2 elementor-grid-mobile-1 elementor-posts--thumbnail-top elementor-posts__hover-gradient elementor-widget elementor-widget-posts\" data-id=\"4de9f98\" data-element_type=\"widget\" data-settings=\"{&quot;cards_columns&quot;:&quot;1&quot;,&quot;cards_columns_tablet&quot;:&quot;2&quot;,&quot;cards_columns_mobile&quot;:&quot;1&quot;,&quot;cards_row_gap&quot;:{&quot;unit&quot;:&quot;px&quot;,&quot;size&quot;:35,&quot;sizes&quot;:[]},&quot;cards_row_gap_tablet&quot;:{&quot;unit&quot;:&quot;px&quot;,&quot;size&quot;:&quot;&quot;,&quot;sizes&quot;:[]},&quot;cards_row_gap_mobile&quot;:{&quot;unit&quot;:&quot;px&quot;,&quot;size&quot;:&quot;&quot;,&quot;sizes&quot;:[]}}\" data-widget_type=\"posts.cards\">\n\t\t\t\t<div class=\"elementor-widget-container\">\n\t\t\t\t\t\t\t<div class=\"elementor-posts-container elementor-posts elementor-posts--skin-cards elementor-grid\">\n\t\t\t\t<article class=\"elementor-post elementor-grid-item post-3402 post type-post status-publish format-standard has-post-thumbnail hentry category-locales category-necochea\">\n\t\t\t<div class=\"elementor-post__card\">\n\t\t\t\t<a class=\"elementor-post__thumbnail__link\" href=\"https:\/\/lacoopeactiva.com.ar\/index.php\/2024\/09\/07\/bienvenidxs-a-ciudad-gotica-de-quien-es-responsabilidad-el-alumbrado-publico-2\/\" tabindex=\"-1\" ><div class=\"elementor-post__thumbnail\"><img decoding=\"async\" width=\"300\" height=\"166\" src=\"https:\/\/lacoopeactiva.com.ar\/wp-content\/uploads\/2024\/09\/NOTA-Luminarias-300x166.jpg\" class=\"attachment-medium size-medium wp-image-3403\" alt=\"\" srcset=\"https:\/\/lacoopeactiva.com.ar\/wp-content\/uploads\/2024\/09\/NOTA-Luminarias-300x166.jpg 300w, https:\/\/lacoopeactiva.com.ar\/wp-content\/uploads\/2024\/09\/NOTA-Luminarias.jpg 722w\" sizes=\"(max-width: 300px) 100vw, 300px\" \/><\/div><\/a>\n\t\t\t\t<div class=\"elementor-post__badge\">LOCALES<\/div>\n\t\t\t\t<div class=\"elementor-post__text\">\n\t\t\t\t<h3 class=\"elementor-post__title\">\n\t\t\t<a href=\"https:\/\/lacoopeactiva.com.ar\/index.php\/2024\/09\/07\/bienvenidxs-a-ciudad-gotica-de-quien-es-responsabilidad-el-alumbrado-publico-2\/\" >\n\t\t\t\tBIENVENIDXS A CIUDAD G\u00d3TICA. \u00bfDE QUI\u00c9N ES RESPONSABILIDAD EL ALUMBRADO P\u00daBLICO?\t\t\t<\/a>\n\t\t<\/h3>\n\t\t\t\t<\/div>\n\t\t\t\t\t<\/div>\n\t\t<\/article>\n\t\t\t\t<\/div>\n\t\t\n\t\t\t\t\t\t<\/div>\n\t\t\t\t<\/div>\n\t\t\t\t<div class=\"elementor-element elementor-element-247ce21 elementor-grid-1 elementor-grid-tablet-2 elementor-grid-mobile-1 elementor-posts--thumbnail-top elementor-posts__hover-gradient elementor-widget elementor-widget-posts\" data-id=\"247ce21\" data-element_type=\"widget\" data-settings=\"{&quot;cards_columns&quot;:&quot;1&quot;,&quot;cards_columns_tablet&quot;:&quot;2&quot;,&quot;cards_columns_mobile&quot;:&quot;1&quot;,&quot;cards_row_gap&quot;:{&quot;unit&quot;:&quot;px&quot;,&quot;size&quot;:35,&quot;sizes&quot;:[]},&quot;cards_row_gap_tablet&quot;:{&quot;unit&quot;:&quot;px&quot;,&quot;size&quot;:&quot;&quot;,&quot;sizes&quot;:[]},&quot;cards_row_gap_mobile&quot;:{&quot;unit&quot;:&quot;px&quot;,&quot;size&quot;:&quot;&quot;,&quot;sizes&quot;:[]}}\" data-widget_type=\"posts.cards\">\n\t\t\t\t<div class=\"elementor-widget-container\">\n\t\t\t\t\t\t\t<div class=\"elementor-posts-container elementor-posts elementor-posts--skin-cards elementor-grid\">\n\t\t\t\t<article class=\"elementor-post elementor-grid-item post-1638 post type-post status-publish format-standard has-post-thumbnail hentry category-internacionales tag-internacionales\">\n\t\t\t<div class=\"elementor-post__card\">\n\t\t\t\t<a class=\"elementor-post__thumbnail__link\" href=\"https:\/\/lacoopeactiva.com.ar\/index.php\/2024\/08\/23\/imane-khelif-y-la-disparidad-fisica-en-el-deporte\/\" tabindex=\"-1\" ><div class=\"elementor-post__thumbnail\"><img loading=\"lazy\" decoding=\"async\" width=\"300\" height=\"188\" src=\"https:\/\/lacoopeactiva.com.ar\/wp-content\/uploads\/2024\/08\/Sin-IMANE-KHELIF-300x188.jpg\" class=\"attachment-medium size-medium wp-image-1639\" alt=\"\" srcset=\"https:\/\/lacoopeactiva.com.ar\/wp-content\/uploads\/2024\/08\/Sin-IMANE-KHELIF-300x188.jpg 300w, https:\/\/lacoopeactiva.com.ar\/wp-content\/uploads\/2024\/08\/Sin-IMANE-KHELIF.jpg 668w\" sizes=\"(max-width: 300px) 100vw, 300px\" \/><\/div><\/a>\n\t\t\t\t<div class=\"elementor-post__badge\">INTERNACIONALES<\/div>\n\t\t\t\t<div class=\"elementor-post__text\">\n\t\t\t\t<h3 class=\"elementor-post__title\">\n\t\t\t<a href=\"https:\/\/lacoopeactiva.com.ar\/index.php\/2024\/08\/23\/imane-khelif-y-la-disparidad-fisica-en-el-deporte\/\" >\n\t\t\t\tIMANE KHELIF Y LA DISPARIDAD F\u00cdSICA EN EL DEPORTE\t\t\t<\/a>\n\t\t<\/h3>\n\t\t\t\t<\/div>\n\t\t\t\t\t<\/div>\n\t\t<\/article>\n\t\t\t\t<\/div>\n\t\t\n\t\t\t\t\t\t<\/div>\n\t\t\t\t<\/div>\n\t\t<div class=\"elementor-element elementor-element-7b66bb4 e-con-full e-flex e-con e-child\" data-id=\"7b66bb4\" data-element_type=\"container\">\n\t\t\t\t<div class=\"elementor-element elementor-element-cd32503 gallery-spacing-custom elementor-widget elementor-widget-image-gallery\" data-id=\"cd32503\" data-element_type=\"widget\" data-widget_type=\"image-gallery.default\">\n\t\t\t\t<div class=\"elementor-widget-container\">\n\t\t\t\t\t\t\t<div class=\"elementor-image-gallery\">\n\t\t\t<div id='gallery-1' class='gallery galleryid-3399 gallery-columns-1 gallery-size-full'><figure class='gallery-item'>\n\t\t\t<div class='gallery-icon landscape'>\n\t\t\t\t<a data-elementor-open-lightbox=\"yes\" data-elementor-lightbox-slideshow=\"cd32503\" data-elementor-lightbox-title=\"PUBLI-La-tiendita\" data-e-action-hash=\"#elementor-action%3Aaction%3Dlightbox%26settings%3DeyJpZCI6MjQzMSwidXJsIjoiaHR0cHM6XC9cL2xhY29vcGVhY3RpdmEuY29tLmFyXC93cC1jb250ZW50XC91cGxvYWRzXC8yMDI0XC8wOFwvUFVCTEktTGEtdGllbmRpdGEuanBnIiwic2xpZGVzaG93IjoiY2QzMjUwMyJ9\" href='https:\/\/lacoopeactiva.com.ar\/wp-content\/uploads\/2024\/08\/PUBLI-La-tiendita.jpg'><img loading=\"lazy\" width=\"350\" height=\"300\" src=\"https:\/\/lacoopeactiva.com.ar\/wp-content\/uploads\/2024\/08\/PUBLI-La-tiendita.jpg\" class=\"attachment-full size-full\" alt=\"\" decoding=\"async\" srcset=\"https:\/\/lacoopeactiva.com.ar\/wp-content\/uploads\/2024\/08\/PUBLI-La-tiendita.jpg 350w, https:\/\/lacoopeactiva.com.ar\/wp-content\/uploads\/2024\/08\/PUBLI-La-tiendita-300x257.jpg 300w\" sizes=\"(max-width: 350px) 100vw, 350px\" \/><\/a>\n\t\t\t<\/div><\/figure><figure class='gallery-item'>\n\t\t\t<div class='gallery-icon landscape'>\n\t\t\t\t<a data-elementor-open-lightbox=\"yes\" data-elementor-lightbox-slideshow=\"cd32503\" data-elementor-lightbox-title=\"PUBLI-La-tranquera\" data-e-action-hash=\"#elementor-action%3Aaction%3Dlightbox%26settings%3DeyJpZCI6MTEzNSwidXJsIjoiaHR0cHM6XC9cL2xhY29vcGVhY3RpdmEuY29tLmFyXC93cC1jb250ZW50XC91cGxvYWRzXC8yMDI0XC8wOFwvUFVCTEktTGEtdHJhbnF1ZXJhLmpwZyIsInNsaWRlc2hvdyI6ImNkMzI1MDMifQ%3D%3D\" href='https:\/\/lacoopeactiva.com.ar\/wp-content\/uploads\/2024\/08\/PUBLI-La-tranquera.jpg'><img loading=\"lazy\" width=\"350\" height=\"300\" src=\"https:\/\/lacoopeactiva.com.ar\/wp-content\/uploads\/2024\/08\/PUBLI-La-tranquera.jpg\" class=\"attachment-full size-full\" alt=\"\" decoding=\"async\" srcset=\"https:\/\/lacoopeactiva.com.ar\/wp-content\/uploads\/2024\/08\/PUBLI-La-tranquera.jpg 350w, https:\/\/lacoopeactiva.com.ar\/wp-content\/uploads\/2024\/08\/PUBLI-La-tranquera-300x257.jpg 300w\" sizes=\"(max-width: 350px) 100vw, 350px\" \/><\/a>\n\t\t\t<\/div><\/figure><figure class='gallery-item'>\n\t\t\t<div class='gallery-icon landscape'>\n\t\t\t\t<a data-elementor-open-lightbox=\"yes\" data-elementor-lightbox-slideshow=\"cd32503\" data-elementor-lightbox-title=\"PUBLI-Fecootra\" data-e-action-hash=\"#elementor-action%3Aaction%3Dlightbox%26settings%3DeyJpZCI6MTEzNiwidXJsIjoiaHR0cHM6XC9cL2xhY29vcGVhY3RpdmEuY29tLmFyXC93cC1jb250ZW50XC91cGxvYWRzXC8yMDI0XC8wOFwvUFVCTEktRmVjb290cmEuanBnIiwic2xpZGVzaG93IjoiY2QzMjUwMyJ9\" href='https:\/\/lacoopeactiva.com.ar\/wp-content\/uploads\/2024\/08\/PUBLI-Fecootra.jpg'><img loading=\"lazy\" width=\"350\" height=\"300\" src=\"https:\/\/lacoopeactiva.com.ar\/wp-content\/uploads\/2024\/08\/PUBLI-Fecootra.jpg\" class=\"attachment-full size-full\" alt=\"\" decoding=\"async\" srcset=\"https:\/\/lacoopeactiva.com.ar\/wp-content\/uploads\/2024\/08\/PUBLI-Fecootra.jpg 350w, https:\/\/lacoopeactiva.com.ar\/wp-content\/uploads\/2024\/08\/PUBLI-Fecootra-300x257.jpg 300w\" sizes=\"(max-width: 350px) 100vw, 350px\" \/><\/a>\n\t\t\t<\/div><\/figure><figure class='gallery-item'>\n\t\t\t<div class='gallery-icon landscape'>\n\t\t\t\t<a data-elementor-open-lightbox=\"yes\" data-elementor-lightbox-slideshow=\"cd32503\" data-elementor-lightbox-title=\"PUBLI-Coomuniccar\" data-e-action-hash=\"#elementor-action%3Aaction%3Dlightbox%26settings%3DeyJpZCI6MTM5NCwidXJsIjoiaHR0cHM6XC9cL2xhY29vcGVhY3RpdmEuY29tLmFyXC93cC1jb250ZW50XC91cGxvYWRzXC8yMDI0XC8wOFwvUFVCTEktQ29vbXVuaWNjYXIuanBnIiwic2xpZGVzaG93IjoiY2QzMjUwMyJ9\" href='https:\/\/lacoopeactiva.com.ar\/wp-content\/uploads\/2024\/08\/PUBLI-Coomuniccar.jpg'><img loading=\"lazy\" width=\"350\" height=\"300\" src=\"https:\/\/lacoopeactiva.com.ar\/wp-content\/uploads\/2024\/08\/PUBLI-Coomuniccar.jpg\" class=\"attachment-full size-full\" alt=\"\" decoding=\"async\" srcset=\"https:\/\/lacoopeactiva.com.ar\/wp-content\/uploads\/2024\/08\/PUBLI-Coomuniccar.jpg 350w, https:\/\/lacoopeactiva.com.ar\/wp-content\/uploads\/2024\/08\/PUBLI-Coomuniccar-300x257.jpg 300w\" sizes=\"(max-width: 350px) 100vw, 350px\" \/><\/a>\n\t\t\t<\/div><\/figure>\n\t\t<\/div>\n\t\t<\/div>\n\t\t\t\t\t\t<\/div>\n\t\t\t\t<\/div>\n\t\t\t\t<\/div>\n\t\t\t\t<\/div>\n\t\t\t\t<\/div>\n\t\t\t\t<\/div>\n\t\t\t\t<\/div>\n\t\t\t\t\t\t<\/div>\n\t\t\t\t<\/div>\n\t\t\t\t<\/div>\n\t\t\t\t<\/div>\n\t\t","protected":false},"excerpt":{"rendered":"","protected":false},"author":2,"featured_media":0,"parent":0,"menu_order":0,"comment_status":"closed","ping_status":"closed","template":"elementor_header_footer","meta":{"_acf_changed":false,"_kad_post_transparent":"","_kad_post_title":"hide","_kad_post_layout":"fullwidth","_kad_post_sidebar_id":"","_kad_post_content_style":"unboxed","_kad_post_vertical_padding":"hide","_kad_post_feature":"hide","_kad_post_feature_position":"","_kad_post_header":false,"_kad_post_footer":false,"footnotes":""},"class_list":["post-15","page","type-page","status-publish","hentry"],"acf":[],"_links":{"self":[{"href":"https:\/\/lacoopeactiva.com.ar\/index.php\/wp-json\/wp\/v2\/pages\/15","targetHints":{"allow":["GET"]}}],"collection":[{"href":"https:\/\/lacoopeactiva.com.ar\/index.php\/wp-json\/wp\/v2\/pages"}],"about":[{"href":"https:\/\/lacoopeactiva.com.ar\/index.php\/wp-json\/wp\/v2\/types\/page"}],"author":[{"embeddable":true,"href":"https:\/\/lacoopeactiva.com.ar\/index.php\/wp-json\/wp\/v2\/users\/2"}],"replies":[{"embeddable":true,"href":"https:\/\/lacoopeactiva.com.ar\/index.php\/wp-json\/wp\/v2\/comments?post=15"}],"version-history":[{"count":223,"href":"https:\/\/lacoopeactiva.com.ar\/index.php\/wp-json\/wp\/v2\/pages\/15\/revisions"}],"predecessor-version":[{"id":4147,"href":"https:\/\/lacoopeactiva.com.ar\/index.php\/wp-json\/wp\/v2\/pages\/15\/revisions\/4147"}],"wp:attachment":[{"href":"https:\/\/lacoopeactiva.com.ar\/index.php\/wp-json\/wp\/v2\/media?parent=15"}],"curies":[{"name":"wp","href":"https:\/\/api.w.org\/{rel}","templated":true}]}}